{"id":30248,"date":"2025-12-18T17:20:08","date_gmt":"2025-12-18T16:20:08","guid":{"rendered":"https:\/\/yourealestate.be\/?post_type=property&#038;p=30248"},"modified":"2026-04-13T22:29:01","modified_gmt":"2026-04-13T20:29:01","slug":"place-brugmann-2-ch-terrasse","status":"expired","type":"property","link":"https:\/\/yourealestate.be\/en\/propriete\/place-brugmann-2-ch-terrasse\/","title":{"rendered":"Place Brugmann: 2 bdrms - terrace - Ixelles"},"content":{"rendered":"<p>Located in the highly sought-after Place Brugmann district, this charming 1st-floor apartment boasts 3.40 m high ceilings and a 6 m\u00b2 terrace.<br \/>\nWith a gross floor area of \u00b1 95 m\u00b2, it comprises a fully-equipped kitchen, a dining room with direct access to the terrace, a bright living room, two bedrooms (\u00b1 21 m\u00b2 and \u00b1 12 m\u00b2), a bathroom and a guest toilet. The apartment is equipped with an entry phone and double glazing.<br \/>\nPEB : E. Building without elevator.<\/p>","protected":false},"excerpt":{"rendered":"<p>Situ\u00e9 dans le quartier tr\u00e8s recherch\u00e9 de la Place Brugmann, ce charmant appartement au 1er \u00e9tage s\u00e9duit par sa belle hauteur sous plafond de \u00b1 3,40 m et sa terrasse de \u00b1 6 m\u00b2. D\u2019une superficie brute de \u00b1 95 m\u00b2, il se compose d\u2019une cuisine hyper \u00e9quip\u00e9e, d\u2019une salle \u00e0 manger avec acc\u00e8s direct [&hellip;]<\/p>\n","protected":false},"author":2,"featured_media":30261,"parent":0,"menu_order":0,"template":"","property_type":[79],"property_status":[29,162],"property_feature":[265,242],"property_label":[],"property_state":[96],"property_city":[98],"property_area":[104],"class_list":["post-30248","property","type-property","status-expired","has-post-thumbnail","hentry","property_type-appartement","property_status-location-immobiliere","property_status-loue","property_feature-bon-etat-general","property_feature-terrasse","property_state-bruxelles-capitale","property_city-bruxelles","property_area-ixelles"],"aioseo_notices":[],"property_meta":{"_edit_last":["2"],"_thumbnail_id":["30261"],"fave_property_price":["-"],"fave_show_price_placeholder":["0"],"fave_property_size":["95"],"fave_property_size_prefix":["m2"],"fave_property_bedrooms":["2"],"fave_property_bathrooms":["1"],"fave_property_map":["1"],"fave_property_map_address":["6, Rue Alphonse Renard - Alphonse Renardstraat, Berkendael - Berkendaal, Ixelles - Elsene, Brussel-Hoofdstad - Bruxelles-Capitale, R\u00e9gion de Bruxelles-Capitale - Brussels Hoofdstedelijk Gewest, 1050, Belgi\u00eb \/ Belgique \/ Belgien"],"fave_property_location":["50.8187025,4.3581647,15"],"houzez_geolocation_lat":["50.8187025"],"houzez_geolocation_long":["4.3581647"],"fave_property_map_street_view":["hide"],"fave_property_address":["6 Rue Alphonse Renard"],"fave_property_zip":["1050"],"fave_featured":["0"],"houzez_featured_listing_date":[""],"fave_loggedintoview":["0"],"fave_agent_display_option":["agent_info"],"fave_agents":["30116"],"fave_prop_homeslider":["no"],"fave_energy_class":["E"],"fave_energy_global_index":["235"],"fave_single_top_area":["global"],"fave_single_content_area":["global"],"_aioseo_title":[null],"_aioseo_description":[null],"_aioseo_keywords":["a:0:{}"],"_aioseo_og_title":[""],"_aioseo_og_description":[""],"_aioseo_og_article_section":[""],"_aioseo_og_article_tags":["a:0:{}"],"_aioseo_twitter_title":[""],"_aioseo_twitter_description":[""],"cmplz_hide_cookiebanner":[""],"_edit_lock":["1776111927:2"],"houzez_total_property_views":["435"],"houzez_views_by_date":["a:44:{s:10:\"03-18-2026\";i:21;s:10:\"03-19-2026\";i:15;s:10:\"03-20-2026\";i:13;s:10:\"03-21-2026\";i:23;s:10:\"03-22-2026\";i:33;s:10:\"03-23-2026\";i:15;s:10:\"03-24-2026\";i:14;s:10:\"03-25-2026\";i:14;s:10:\"03-26-2026\";i:18;s:10:\"03-27-2026\";i:27;s:10:\"03-28-2026\";i:19;s:10:\"03-29-2026\";i:23;s:10:\"03-30-2026\";i:11;s:10:\"03-31-2026\";i:9;s:10:\"04-01-2026\";i:6;s:10:\"04-02-2026\";i:6;s:10:\"04-03-2026\";i:7;s:10:\"04-04-2026\";i:3;s:10:\"04-05-2026\";i:10;s:10:\"04-06-2026\";i:10;s:10:\"04-07-2026\";i:6;s:10:\"04-08-2026\";i:7;s:10:\"04-09-2026\";i:7;s:10:\"04-10-2026\";i:4;s:10:\"04-11-2026\";i:11;s:10:\"04-12-2026\";i:11;s:10:\"04-13-2026\";i:5;s:10:\"04-14-2026\";i:6;s:10:\"04-15-2026\";i:2;s:10:\"04-16-2026\";i:7;s:10:\"04-17-2026\";i:9;s:10:\"04-18-2026\";i:1;s:10:\"04-19-2026\";i:2;s:10:\"04-20-2026\";i:4;s:10:\"04-21-2026\";i:4;s:10:\"04-22-2026\";i:8;s:10:\"04-23-2026\";i:11;s:10:\"04-24-2026\";i:6;s:10:\"04-25-2026\";i:3;s:10:\"04-26-2026\";i:4;s:10:\"04-27-2026\";i:5;s:10:\"04-28-2026\";i:6;s:10:\"04-29-2026\";i:8;s:10:\"04-30-2026\";i:1;}"],"houzez_recently_viewed":["2026-04-30 05:19:56"],"fave_property_images":["30251","30260","30253","30252","30255","30256","30254","30259","30258","30267","30269"],"houzez_expired_listing_date":["2026-04-13 22:29:01"],"fave_payment_status":["not_paid"],"_elementor_page_assets":["a:0:{}"]},"_links":{"self":[{"href":"https:\/\/yourealestate.be\/en\/wp-json\/wp\/v2\/properties\/30248","targetHints":{"allow":["GET"]}}],"collection":[{"href":"https:\/\/yourealestate.be\/en\/wp-json\/wp\/v2\/properties"}],"about":[{"href":"https:\/\/yourealestate.be\/en\/wp-json\/wp\/v2\/types\/property"}],"author":[{"embeddable":true,"href":"https:\/\/yourealestate.be\/en\/wp-json\/wp\/v2\/users\/2"}],"version-history":[{"count":2,"href":"https:\/\/yourealestate.be\/en\/wp-json\/wp\/v2\/properties\/30248\/revisions"}],"predecessor-version":[{"id":30272,"href":"https:\/\/yourealestate.be\/en\/wp-json\/wp\/v2\/properties\/30248\/revisions\/30272"}],"wp:featuredmedia":[{"embeddable":true,"href":"https:\/\/yourealestate.be\/en\/wp-json\/wp\/v2\/media\/30261"}],"wp:attachment":[{"href":"https:\/\/yourealestate.be\/en\/wp-json\/wp\/v2\/media?parent=30248"}],"wp:term":[{"taxonomy":"property_type","embeddable":true,"href":"https:\/\/yourealestate.be\/en\/wp-json\/wp\/v2\/property_type?post=30248"},{"taxonomy":"property_status","embeddable":true,"href":"https:\/\/yourealestate.be\/en\/wp-json\/wp\/v2\/property_status?post=30248"},{"taxonomy":"property_feature","embeddable":true,"href":"https:\/\/yourealestate.be\/en\/wp-json\/wp\/v2\/property_feature?post=30248"},{"taxonomy":"property_label","embeddable":true,"href":"https:\/\/yourealestate.be\/en\/wp-json\/wp\/v2\/property_label?post=30248"},{"taxonomy":"property_state","embeddable":true,"href":"https:\/\/yourealestate.be\/en\/wp-json\/wp\/v2\/property_state?post=30248"},{"taxonomy":"property_city","embeddable":true,"href":"https:\/\/yourealestate.be\/en\/wp-json\/wp\/v2\/property_city?post=30248"},{"taxonomy":"property_area","embeddable":true,"href":"https:\/\/yourealestate.be\/en\/wp-json\/wp\/v2\/property_area?post=30248"}],"curies":[{"name":"wp","href":"https:\/\/api.w.org\/{rel}","templated":true}]}}

<p>Situé dans le quartier très recherché de la Place Brugmann, ce charmant appartement au 1er étage séduit par sa belle hauteur sous plafond de ± 3,40 m et sa terrasse de ± 6 m². D’une superficie brute de ± 95 m², il se compose d’une cuisine hyper équipée, d’une salle à manger avec accès direct [&hellip;]</p>

6, Rue Alphonse Renard - Alphonse Renardstraat, Berkendael - Berkendaal, Ixelles - Elsene, Brussel-Hoofdstad - Bruxelles-Capitale, Région de Bruxelles-Capitale - Brussels Hoofdstedelijk Gewest, 1050, België / Belgique / Belgien
