{"id":30744,"date":"2026-04-27T14:18:00","date_gmt":"2026-04-27T12:18:00","guid":{"rendered":"https:\/\/yourealestate.be\/?post_type=property&#038;p=30744"},"modified":"2026-04-27T14:18:00","modified_gmt":"2026-04-27T12:18:00","slug":"2-bedroom-duplex-with-terrace-place-de-londres-ixelles","status":"publish","type":"property","link":"https:\/\/yourealestate.be\/en\/propriete\/duplex-2-chambres-avec-terrasse-place-de-londres-ixelles\/","title":{"rendered":"2 bedroom duplex with terrace - Place de Londres - Ixelles"},"content":{"rendered":"<p>Ideally located on the highly sought-after Place de Londres in Ixelles, in the immediate vicinity of European institutions, shops, restaurants and transport, this charming \u00b197 m\u00b2 duplex apartment (surface PEB) is on the upper floors of a character building. It comprises a bright living room with a fully-equipped open kitchen, providing a convivial and pleasant living space. Upstairs, a mezzanine adds character and can accommodate an office or relaxation area, while the night area includes two comfortable bedrooms and two bathrooms. A small terrace completes the ensemble, ideal for enjoying fine weather.<br \/>\nAvailable from August 1, 2026, this duplex is offered for rent at \u20ac1,600 per month, with \u20ac40 utilities. A rare opportunity in a sought-after neighborhood, perfect for a couple or anyone wishing to enjoy a central, dynamic Brussels lifestyle.<\/p>","protected":false},"excerpt":{"rendered":"<p>Id\u00e9alement situ\u00e9 sur la tr\u00e8s pris\u00e9e Place de Londres \u00e0 Ixelles, \u00e0 proximit\u00e9 imm\u00e9diate des institutions europ\u00e9ennes, des commerces, restaurants et transports, ce charmant duplex de \u00b197 m\u00b2 (surface PEB) se trouve aux \u00e9tages sup\u00e9rieurs d\u2019un immeuble de caract\u00e8re. Il se compose d\u2019un lumineux s\u00e9jour avec cuisine ouverte enti\u00e8rement \u00e9quip\u00e9e, offrant un espace de vie [&hellip;]<\/p>\n","protected":false},"author":2,"featured_media":30748,"parent":0,"menu_order":0,"template":"","property_type":[79],"property_status":[29],"property_feature":[265,242],"property_label":[],"property_state":[96],"property_city":[98],"property_area":[104],"class_list":["post-30744","property","type-property","status-publish","has-post-thumbnail","hentry","property_type-appartement","property_status-location-immobiliere","property_feature-bon-etat-general","property_feature-terrasse","property_state-bruxelles-capitale","property_city-bruxelles","property_area-ixelles"],"aioseo_notices":[],"property_meta":{"_edit_last":["2"],"_thumbnail_id":["30748"],"fave_property_price":["1600"],"fave_show_price_placeholder":["0"],"fave_property_size":["97"],"fave_property_size_prefix":["m2"],"fave_property_bedrooms":["2"],"fave_property_bathrooms":["2"],"fave_property_map":["1"],"fave_property_map_address":["3, Place de Londres - Londenplein, Saint-Boniface - Sint-Bonifatius, Ixelles - Elsene, Brussel-Hoofdstad - Bruxelles-Capitale, R\u00e9gion de Bruxelles-Capitale - Brussels Hoofdstedelijk Gewest, 1050, Belgi\u00eb \/ Belgique \/ Belgien"],"fave_property_location":["50.8376021,4.3679758,15"],"houzez_geolocation_lat":["50.8376021"],"houzez_geolocation_long":["4.3679758"],"fave_property_map_street_view":["hide"],"fave_property_address":["3 Place de Londres"],"fave_property_zip":["1050"],"fave_featured":["0"],"houzez_featured_listing_date":[""],"fave_loggedintoview":["0"],"fave_property_images":["30748","30746","30745","30747","30749","30751","30750","30752","30753","30754","30755","30756","30757","30758","30759"],"fave_agent_display_option":["agency_info"],"fave_property_agency":["17516"],"fave_prop_homeslider":["no"],"fave_energy_class":["C"],"fave_energy_global_index":["115"],"fave_single_top_area":["global"],"fave_single_content_area":["global"],"_aioseo_title":[null],"_aioseo_description":[null],"_aioseo_keywords":["a:0:{}"],"_aioseo_og_title":[""],"_aioseo_og_description":[""],"_aioseo_og_article_section":[""],"_aioseo_og_article_tags":["a:0:{}"],"_aioseo_twitter_title":[""],"_aioseo_twitter_description":[""],"cmplz_hide_cookiebanner":[""],"houzez_manual_expire":["0"],"_houzez_expiration_date_status":["saved"],"_edit_lock":["1777292332:2"],"houzez_total_property_views":["13"],"houzez_views_by_date":["a:1:{s:10:\"04-27-2026\";i:13;}"],"houzez_recently_viewed":["2026-04-27 23:01:16"],"_elementor_page_assets":["a:0:{}"]},"_links":{"self":[{"href":"https:\/\/yourealestate.be\/en\/wp-json\/wp\/v2\/properties\/30744","targetHints":{"allow":["GET"]}}],"collection":[{"href":"https:\/\/yourealestate.be\/en\/wp-json\/wp\/v2\/properties"}],"about":[{"href":"https:\/\/yourealestate.be\/en\/wp-json\/wp\/v2\/types\/property"}],"author":[{"embeddable":true,"href":"https:\/\/yourealestate.be\/en\/wp-json\/wp\/v2\/users\/2"}],"version-history":[{"count":1,"href":"https:\/\/yourealestate.be\/en\/wp-json\/wp\/v2\/properties\/30744\/revisions"}],"predecessor-version":[{"id":30760,"href":"https:\/\/yourealestate.be\/en\/wp-json\/wp\/v2\/properties\/30744\/revisions\/30760"}],"wp:featuredmedia":[{"embeddable":true,"href":"https:\/\/yourealestate.be\/en\/wp-json\/wp\/v2\/media\/30748"}],"wp:attachment":[{"href":"https:\/\/yourealestate.be\/en\/wp-json\/wp\/v2\/media?parent=30744"}],"wp:term":[{"taxonomy":"property_type","embeddable":true,"href":"https:\/\/yourealestate.be\/en\/wp-json\/wp\/v2\/property_type?post=30744"},{"taxonomy":"property_status","embeddable":true,"href":"https:\/\/yourealestate.be\/en\/wp-json\/wp\/v2\/property_status?post=30744"},{"taxonomy":"property_feature","embeddable":true,"href":"https:\/\/yourealestate.be\/en\/wp-json\/wp\/v2\/property_feature?post=30744"},{"taxonomy":"property_label","embeddable":true,"href":"https:\/\/yourealestate.be\/en\/wp-json\/wp\/v2\/property_label?post=30744"},{"taxonomy":"property_state","embeddable":true,"href":"https:\/\/yourealestate.be\/en\/wp-json\/wp\/v2\/property_state?post=30744"},{"taxonomy":"property_city","embeddable":true,"href":"https:\/\/yourealestate.be\/en\/wp-json\/wp\/v2\/property_city?post=30744"},{"taxonomy":"property_area","embeddable":true,"href":"https:\/\/yourealestate.be\/en\/wp-json\/wp\/v2\/property_area?post=30744"}],"curies":[{"name":"wp","href":"https:\/\/api.w.org\/{rel}","templated":true}]}}

<p>Idéalement situé sur la très prisée Place de Londres à Ixelles, à proximité immédiate des institutions européennes, des commerces, restaurants et transports, ce charmant duplex de ±97 m² (surface PEB) se trouve aux étages supérieurs d’un immeuble de caractère. Il se compose d’un lumineux séjour avec cuisine ouverte entièrement équipée, offrant un espace de vie [&hellip;]</p>

3, Place de Londres - Londenplein, Saint-Boniface - Sint-Bonifatius, Ixelles - Elsene, Brussel-Hoofdstad - Bruxelles-Capitale, Région de Bruxelles-Capitale - Brussels Hoofdstedelijk Gewest, 1050, België / Belgique / Belgien
